3226 is divided by 4645.
1
Calculate the remainder when 288634 is divided by 38.
24
Calculate the remainder when 1660293 is divided by 31.
26
What is the remainder when 33665 is divided by 42?
23
What is the remainder when 63083 is divided by 1034?
9
Calculate the remainder when 2371 is divided by 609.
544
What is the remainder when 127116 is divided by 56?
52
What is the remainder when 4406 is divided by 732?
14
What is the remainder when 16631 is divided by 77?
76
What is the remainder when 8799 is divided by 870?
99
What is the remainder when 12230 is divided by 304?
70
What is the remainder when 32022 is divided by 719?
386
Calculate the remainder when 2977283 is divided by 274.
273
Calculate the remainder when 171548 is divided by 470.
468
Calculate the remainder when 2143587 is divided by 10.
7
What is the remainder when 1838626 is divided by 18?
16
Calculate the remainder when 229355 is divided by 32.
11
What is the remainder when 8192 is divided by 11?
8
Calculate the remainder when 4293 is divided by 62.
15
Calculate the remainder when 4623042 is divided by 15.
12
Calculate the remainder when 54558 is divided by 27.
18
Calculate the remainder when 242720 is divided by 28.
16
Calculate the remainder when 54966 is divided by 152.
94
Calculate the remainder when 244265 is divided by 460.
5
What is the remainder when 2457 is divided by 2127?
330
Calculate the remainder when 14087 is divided by 154.
73
Calculate the remainder when 39650 is divided by 39540.
110
Calculate the remainder when 722 is divided by 246.
230
Calculate the remainder when 12456 is divided by 20.
16
Calculate the remainder when 45430 is divided by 962.
216
Calculate the remainder when 5799196 is divided by 23.
22
Calculate the remainder when 1176713 is divided by 154.
153
What is the remainder when 1647 is divided by 923?
724
Calculate the remainder when 51509 is divided by 55.
29
Calculate the remainder when 41913 is divided by 1229.
127
Calculate the remainder when 501 is divided by 472.
29
What is the remainder when 587410 is divided by 12?
10
What is the remainder when 8578854 is divided by 11?
9
What is the remainder when 5080 is divided by 232?
208
What is the remainder when 1897 is divided by 98?
35
What is the remainder when 924845 is divided by 16?
13
What is the remainder when 136052 is divided by 326?
110
What is the remainder when 52362 is divided by 3271?
26
What is the remainder when 53391 is divided by 66?
63
Calculate the remainder when 18596 is divided by 379.
25
Calculate the remainder when 5577 is divided by 2606.
365
Calculate the remainder when 45345 is divided by 1679.
12
Calculate the remainder when 14587 is divided by 330.
67
Calculate the remainder when 857 is divided by 126.
101
What is the remainder when 2032 is divided by 949?
134
What is the remainder when 25847 is divided by 11?
8
Calculate the remainder when 21403 is divided by 21331.
72
What is the remainder when 1314 is divided by 68?
22
What is the remainder when 667601 is divided by 14513?
3
Calculate the remainder when 612 is divided by 48.
36
Calculate the remainder when 4701 is divided by 247.
8
What is the remainder when 3962180 is divided by 74?
72
Calculate the remainder when 9398 is divided by 2343.
26
Calculate the remainder when 12365 is divided by 132.
89
Calculate the remainder when 62775 is divided by 36.
27
What is the remainder when 13300 is divided by 946?
56
What is the remainder when 29705 is divided by 5854?
435
Calculate the remainder when 127217 is divided by 7951.
1
Calculate the remainder when 4969 is divided by 382.
3
Calculate the remainder when 24355 is divided by 12175.
5
What is the remainder when 18640 is divided by 170?
110
Calculate the remainder when 52259 is divided by 217.
179
What is the remainder when 74913 is divided by 2080?
33
What is the remainder when 359413 is divided by 11593?
30
Calculate the remainder when 4124 is divided by 1029.
8
What is the remainder when 15295 is divided by 36?
31
What is the remainder when 33520 is divided by 15?
10
What is the remainder when 3299 is divided by 145?
109
What is the remainder when 613842 is divided by 308?
306
What is the remainder when 274186 is divided by 219?
217
What is the remainder when 48020 is divided by 4801?
10
What is the remainder when 596328 is divided by 44?
40
What is the remainder when 33794 is divided by 219?
68
Calculate the remainder when 248215 is divided by 394.
389
Calculate the remainder when 914264 is divided by 9.
8
What is the remainder when 1813 is divided by 173?
83
Calculate the remainder when 4608 is divided by 232.
200
Calculate the remainder when 11012 is divided by 34.
30
What is the remainder when 37685 is divided by 1141?
32
Calculate the remainder when 9856 is divided by 20.
16
Calculate the remainder when 122068 is divided by 32.
20
What is the remainder when 3829 is divided by 381?
19
Calculate the remainder when 4063 is divided by 33.
4
Calculate the remainder when 42111 is divided by 294.
69
What is the remainder when 241 is divided by 81?
79
Calculate the remainder when 42020 is divided by 199.
31
Calculate the remainder when 11410 is divided by 2279.
15
What is the remainder when 74533 is divided by 449?
448
Calculate the remainder when 74128 is divided by 1044.
4
What is the remainder when 9376 is divided by 42?
10
Calculate the remainder when 826 is divided by 284.
258
What is the remainder when 23287 is divided by 274?
271
What is the remainder when 4310 is divided by 172?
10
What is the remainder when 16924 is divided by 819?
544
What is the remainder when 21901 is divided by 31?
15
Calculate the remainder when 136955 is divided by 34234.
19
Calculate the remainder when 103216 is divided by 5734.
4
What is the remainder when 7833 is divided by 131?
104
Calculate the remainder when 72227 is divided by 304.
179
What is the remainder when 2364 is divided by 1175?
14
Calculate the remainder when 4577 is divided by 1477.
146
Calculate the remainder when 42612 is divided by 298.
296
What is the remainder when 1278 is divided by 1278?
0
Calculate the remainder when 4678 is divided by 234.
232
Calculate the remainder when 1027 is divided by 622.
405
Calculate the remainder when 82602 is divided by 214.
212
What is the remainder when 220068 is divided by 110026?
16
What is the remainder when 11119 is divided by 166?
163
Calculate the remainder when 663457 is divided by 522.
517
Calculate the remainder when 64974 is divided by 21644.
42
Calculate the remainder when 1543 is divided by 257.
1
What is the remainder when 8398 is divided by 3761?
876
What is the remainder when 31576 is divided by 10499?
79
Calculate the remainder when 1065 is divided by 53.
5
What is the remainder when 326039 is divided by 46577?
0
Calculate the remainder when 538838 is divided by 62.
58
What is the remainder when 17407 is divided by 256?
255
What is the remainder when 30929 is divided by 322?
17
What is the remainder when 558392 is divided by 23?
21
What is the remainder when 4168 is divided by 586?
66
Calculate the remainder when 1177 is divided by 550.
77
What is the remainder when 9479 is divided by 220?
19
Calculate the remainder when 3774 is divided by 157.
6
Calculate the remainder when 882983 is divided by 6.
5
Calculate the remainder when 20073 is divided by 20066.
7
What is the remainder when 11474 is divided by 484?
342
Calculate the remainder when 3371077 is divided by 142.
139
What is the remainder when 4179 is divided by 1890?
399
Calculate the remainder when 1585 is divided by 22.
1
Calculate the remainder when 1610 is divided by 191.
82
What is the remainder when 6433 is divided by 1003?
415
Calculate the remainder when 5154 is divided by 89.
81
What is the remainder when 44585 is divided by 14855?
20
Calculate the remainder when 19023 is divided by 302.
299
What is the remainder when 336884 is divided by 131?
83
Calculate the remainder when 2572 is divided by 645.
637
What is the remainder when 6756 is divided by 947?
127
What is the remainder when 9936 is divided by 91?
17
What is the remainder when 7836 is divided by 146?
98
What is the remainder when 7742 is divided by 1371?
887
What is the remainder when 116255 is divided by 84?
83
Calculate the remainder when 48